tor of 4604814 and 386514?
1962
What is the greatest common divisor of 100 and 30684550?
50
What is the greatest common factor of 4764 and 36398548?
1588
Calculate the highest common factor of 754692 and 1403244.
732
Calculate the highest common factor of 9836 and 1738513.
2459
Calculate the highest common divisor of 23158784 and 9020.
44
What is the greatest common factor of 948725 and 74790?
1385
What is the greatest common divisor of 2433837 and 66493?
161
Calculate the highest common divisor of 40 and 676731320.
40
Calculate the greatest common divisor of 5194400 and 2000.
400
Calculate the greatest common factor of 30992923 and 13.
13
Calculate the greatest common divisor of 1207 and 96509289.
17
Calculate the greatest common divisor of 16 and 49750528.
16
What is the highest common factor of 362764276 and 1255?
251
What is the greatest common divisor of 53128310 and 150?
10
What is the highest common divisor of 560 and 25453120?
560
What is the greatest common divisor of 13 and 1692587?
13
Calculate the greatest common divisor of 6244704 and 576.
288
Calculate the highest common factor of 808621 and 949.
73
What is the highest common factor of 179650998 and 6304?
394
What is the highest common factor of 995 and 141?
1
What is the highest common divisor of 1104 and 4442865840?
1104
Calculate the greatest common factor of 486 and 21504690.
162
Calculate the greatest common divisor of 1230113934 and 1372.
686
Calculate the greatest common factor of 4653 and 51007.
11
What is the highest common factor of 159211 and 83213?
481
Calculate the highest common divisor of 2243627 and 943.
23
Calculate the greatest common factor of 6719643 and 42.
21
What is the highest common divisor of 495 and 18918810?
45
Calculate the highest common divisor of 1100545538 and 37.
37
Calculate the highest common divisor of 1017156449 and 3194.
1597
Calculate the greatest common factor of 1096 and 426936.
8
Calculate the greatest common factor of 2112 and 82360256.
704
Calculate the greatest common divisor of 3615560 and 216580.
4420
What is the greatest common factor of 480 and 33959910?
30
Calculate the greatest common divisor of 232511 and 2443559.
4387
Calculate the highest common factor of 599167 and 269782.
3137
Calculate the greatest common factor of 119798 and 27586972.
2786
Calculate the highest common factor of 111795 and 2618700.
435
What is the highest common divisor of 65 and 2712229?
13
What is the greatest common factor of 12 and 924729636?
12
What is the greatest common factor of 1157 and 719212?
13
What is the highest common divisor of 25281998 and 28?
14
Calculate the greatest common factor of 14853113 and 363.
121
What is the greatest common factor of 18632259 and 72?
9
What is the greatest common divisor of 156349 and 22181?
541
Calculate the highest common factor of 774 and 38221668.
774
What is the greatest common factor of 9398 and 1129?
1
Calculate the greatest common divisor of 7255144 and 221.
13
Calculate the greatest common divisor of 4342 and 3225438.
334
Calculate the greatest common factor of 93138 and 2904606.
2166
What is the greatest common factor of 89 and 14816987?
89
Calculate the greatest common divisor of 10147 and 3025845547.
10147
What is the greatest common divisor of 693261465 and 795?
795
Calculate the highest common divisor of 38 and 492496834.
38
Calculate the highest common factor of 22 and 963794249.
11
Calculate the greatest common factor of 30044810 and 670.
670
Calculate the highest common divisor of 98 and 890456.
14
What is the highest common divisor of 1316 and 135214676?
188
Calculate the highest common factor of 406325332 and 1878.
626
Calculate the highest common divisor of 51068627 and 3551.
53
What is the highest common factor of 25078104 and 1008?
72
Calculate the highest common factor of 279 and 29115.
9
Calculate the highest common divisor of 1448485155 and 39.
39
What is the highest common factor of 7 and 52123008?
7
Calculate the highest common divisor of 200 and 10981110.
10
What is the greatest common factor of 1262569 and 1596?
133
What is the highest common factor of 170 and 2015724?
34
Calculate the greatest common factor of 1395609 and 1869.
267
What is the greatest common divisor of 6000 and 55569200?
400
Calculate the greatest common divisor of 887 and 177807133.
887
What is the greatest common divisor of 2714438 and 9071?
47
What is the greatest common divisor of 271264 and 8036?
196
What is the greatest common divisor of 108560 and 977512?
472
Calculate the highest common factor of 3098746 and 103390.
2954
Calculate the highest common factor of 130 and 7389590.
130
Calculate the greatest common divisor of 6629636 and 884.
52
Calculate the highest common factor of 555541 and 329.
7
What is the greatest common factor of 3192827 and 1936?
121
Calculate the greatest common divisor of 29356 and 2803006.
82
What is the greatest common divisor of 4186 and 8672794?
598
Calculate the greatest common factor of 1249484857 and 691.
691
What is the greatest common factor of 12850344 and 40?
8
What is the greatest common divisor of 13500 and 35404500?
1500
What is the greatest common divisor of 84 and 141061508?
28
What is the greatest common factor of 4063 and 645626?
17
What is the highest common factor of 100 and 139417920?
20
What is the highest common factor of 22851137 and 213?
71
Calculate the highest common divisor of 29392 and 58732564.
7348
Calculate the greatest common factor of 8 and 42550144.
8
What is the highest common factor of 3336 and 1461?
3
What is the greatest common divisor of 40 and 847780?
20
Calculate the greatest common divisor of 1222 and 81146.
26
Calculate the greatest common divisor of 317344 and 54373856.
6752
What is the greatest common factor of 11898 and 63405764?
1322
Calculate the greatest common factor of 741 and 13742833.
247
Calculate the highest common factor of 18805 and 79797137.
3761
What is the highest common factor of 125605 and 555?
5
What is the greatest common factor of 200054 and 14398?
46
What is the greatest common factor of 75920208 and 4472?
104
What is the highest common factor of 291619750 and 250?
250
What is the greatest common divisor of 202218 and 570?
6
What is the greatest common divisor of 79 and 9204211?
79
Calculate the highest common divisor of 490 and 8539790.
70
What is the highest common factor of 65853 and 2605665?
813
Calculate the highest common divisor of 7277269343 and 1217.
1217
Calculate the highest common divisor of 1476 and 731532.
12
Calculate the greatest common factor of 451 and 34210.
11
What is the highest common factor of 2 and 37697974?
2
Calculate the greatest common divisor of 812 and 50575.
7
What is the highest common divisor of 45973555 and 28495?
695
What is the highest common factor of 128 and 34168208?
16
Calculate the highest common divisor of 731377515 and 165.
165
Calculate the highest common divisor of 1680511 and 7.
7
What is the highest common divisor of 142687167 and 1143?
381
What is the greatest common divisor of 4094490 and 270?
30
What is the highest common divisor of 207 and 8031117?
69
What is the highest common divisor of 22840 and 17437198?
1142
What is the greatest common divisor of 288 and 45948?
12
What is the greatest common divisor of 65926 and 11774?
14
What is the highest common factor of 10293 and 713283?
219
What is the greatest common factor of 23658 and 6756?
6
Calculate the highest common divisor of 271953 and 14271.
201
What is the highest common factor of 3745 and 2565?
5
What is the highest common factor of 3276 and 324008685?
819
What is the greatest common factor of 30978 and 140706?
18
What is the highest common factor of 2563388 and 64?
4
Calculate the highest common divisor of 1491 and 1466292.
213
Calculate the highest common factor of 164592 and 102288.
48
What is the greatest common factor of 30067502 and 4749?
1583
What is the greatest common factor of 92 and 2110411?
23
Calculate the highest common factor of 182585 and 4360681.
689
Calculate the greatest common factor of 82811495 and 12363.
4121
Calculate the greatest common factor of 794 and 771218552.
794
What is the greatest common factor of 58392576 and 5184?
5184
Calculate the highest common divisor of 32775220 and 3